{"id":426,"date":"2026-08-31T22:13:36","date_gmt":"2026-08-31T20:13:36","guid":{"rendered":"https:\/\/somosardo.com\/projectes\/de-quan-les-aigues-es-van-tornar-camins\/"},"modified":"2026-09-02T21:20:43","modified_gmt":"2026-09-02T19:20:43","slug":"de-quan-les-aigues-es-van-tornar-camins","status":"publish","type":"projecte","link":"https:\/\/somosardo.com\/en\/projectes\/de-quan-les-aigues-es-van-tornar-camins\/","title":{"rendered":"De quan les aig\u00fces es van tornar camins"},"content":{"rendered":"\n<p class=\"wp-block-paragraph\">Un enc\u00e0rrec del Centre Excursionista de Catalunya<\/p>\n\n\n\n<h2 class=\"wp-block-heading\">Synopsis<\/h2>\n\n\n\n<p class=\"wp-block-paragraph\">The Quer\u00f3s bridge was under water in 1967, when the Susqueda swamp was built. The drought of recent years has brought it back to the surface, and for a few months it has been possible to cross it again.<\/p>\n\n\n\n<p class=\"wp-block-paragraph\">From there, the routes that passed through it, described by Artur Osona in 1893, are read aloud. A document about what water covers up and what its absence brings back.<\/p>\n\n\n\n<h2 class=\"wp-block-heading\">Director&#8217;s note<\/h2>\n\n\n\n<p class=\"wp-block-paragraph\">This project was carried out based on the review of a series of routes described in the &#8220;Guide to the Mountains of the Montseny Region with all its branches, including the Guilleries, that is, from the Ter to the Congost, Mogent and Tordera, divided into 144 itineraries&#8221;, (1893) Excursionista de Catalunya. The excursions worked on have in common the fact of crossing the Quer\u00f3s valley passing through the Quer\u00f3s bridge, a detail that was only possible before the construction of the Susqueda reservoir (1967). However, the persistent drought of the last year has brought to the surface the old bridge, which, overcoming the bed of the Ter river, still stands upright, connecting the two slopes of this steep valley. The lack of water has therefore made it possible to cross the Quer\u00f3s bridge again.<br>From there, we read the routes documented by Artur Osona that crossed it. Thus, we make an audiovisual document of an essay nature about the drought, the passage of time, erosion, hiking routes and the morphology of the Sau valley, determined by the Ter and its tributaries. The drought has led us to this area to recover a past that had been left underwater.<\/p>\n","protected":false},"featured_media":429,"menu_order":5,"template":"","class_list":["post-426","projecte","type-projecte","status-publish","has-post-thumbnail","hentry"],"acf":[],"yoast_head":"<!-- This site is optimized with the Yoast SEO plugin v28.4 - https:\/\/yoast.com\/product\/yoast-seo-wordpress\/ -->\n<title>De quan les aig\u00fces es van tornar camins &#183; Ardo Productions<\/title>\n<meta name=\"robots\" content=\"noindex, follow, max-snippet:-1, max-image-preview:large, max-video-preview:-1\" \/>\n<meta property=\"og:locale\" content=\"en_US\" \/>\n<meta property=\"og:type\" content=\"article\" \/>\n<meta property=\"og:title\" content=\"De quan les aig\u00fces es van tornar camins &#183; Ardo Productions\" \/>\n<meta property=\"og:description\" content=\"Un enc\u00e0rrec del Centre Excursionista de Catalunya Synopsis The Quer\u00f3s bridge was under water in 1967, when the Susqueda swamp was built. The drought of recent years has brought it back to the surface, and for a few months it has been possible to cross it again. From there, the routes that passed through it, [&hellip;]\" \/>\n<meta property=\"og:url\" content=\"https:\/\/somosardo.com\/en\/projectes\/de-quan-les-aigues-es-van-tornar-camins\/\" \/>\n<meta property=\"og:site_name\" content=\"Ardo Productions\" \/>\n<meta property=\"article:modified_time\" content=\"2026-09-02T19:20:43+00:00\" \/>\n<meta property=\"og:image\" content=\"https:\/\/somosardo.com\/wp-content\/uploads\/2026\/08\/De-quan-les-aigues-es-van-tornar-camins-Portada-scaled.jpg\" \/>\n\t<meta property=\"og:image:width\" content=\"2560\" \/>\n\t<meta property=\"og:image:height\" content=\"1440\" \/>\n\t<meta property=\"og:image:type\" content=\"image\/jpeg\" \/>\n<meta name=\"twitter:card\" content=\"summary_large_image\" \/>\n<meta name=\"twitter:label1\" content=\"Est. reading time\" \/>\n\t<meta name=\"twitter:data1\" content=\"2 minutes\" \/>\n<script type=\"application\/ld+json\" class=\"yoast-schema-graph\">{\"@context\":\"https:\\\/\\\/schema.org\",\"@graph\":[{\"@type\":\"WebPage\",\"@id\":\"https:\\\/\\\/somosardo.com\\\/en\\\/projectes\\\/de-quan-les-aigues-es-van-tornar-camins\\\/\",\"url\":\"https:\\\/\\\/somosardo.com\\\/en\\\/projectes\\\/de-quan-les-aigues-es-van-tornar-camins\\\/\",\"name\":\"De quan les aig\u00fces es van tornar camins &#183; Ardo Productions\",\"isPartOf\":{\"@id\":\"https:\\\/\\\/somosardo.com\\\/en\\\/#website\"},\"primaryImageOfPage\":{\"@id\":\"https:\\\/\\\/somosardo.com\\\/en\\\/projectes\\\/de-quan-les-aigues-es-van-tornar-camins\\\/#primaryimage\"},\"image\":{\"@id\":\"https:\\\/\\\/somosardo.com\\\/en\\\/projectes\\\/de-quan-les-aigues-es-van-tornar-camins\\\/#primaryimage\"},\"thumbnailUrl\":\"https:\\\/\\\/somosardo.com\\\/wp-content\\\/uploads\\\/2026\\\/08\\\/De-quan-les-aigues-es-van-tornar-camins-Portada-scaled.jpg\",\"datePublished\":\"2026-08-31T20:13:36+00:00\",\"dateModified\":\"2026-09-02T19:20:43+00:00\",\"breadcrumb\":{\"@id\":\"https:\\\/\\\/somosardo.com\\\/en\\\/projectes\\\/de-quan-les-aigues-es-van-tornar-camins\\\/#breadcrumb\"},\"inLanguage\":\"en-US\",\"potentialAction\":[{\"@type\":\"ReadAction\",\"target\":[\"https:\\\/\\\/somosardo.com\\\/en\\\/projectes\\\/de-quan-les-aigues-es-van-tornar-camins\\\/\"]}]},{\"@type\":\"ImageObject\",\"inLanguage\":\"en-US\",\"@id\":\"https:\\\/\\\/somosardo.com\\\/en\\\/projectes\\\/de-quan-les-aigues-es-van-tornar-camins\\\/#primaryimage\",\"url\":\"https:\\\/\\\/somosardo.com\\\/wp-content\\\/uploads\\\/2026\\\/08\\\/De-quan-les-aigues-es-van-tornar-camins-Portada-scaled.jpg\",\"contentUrl\":\"https:\\\/\\\/somosardo.com\\\/wp-content\\\/uploads\\\/2026\\\/08\\\/De-quan-les-aigues-es-van-tornar-camins-Portada-scaled.jpg\",\"width\":2560,\"height\":1440,\"caption\":\"El t\u00edtol De quan les aig\u00fces es van tornar camins sobre un degradat rosat\"},{\"@type\":\"BreadcrumbList\",\"@id\":\"https:\\\/\\\/somosardo.com\\\/en\\\/projectes\\\/de-quan-les-aigues-es-van-tornar-camins\\\/#breadcrumb\",\"itemListElement\":[{\"@type\":\"ListItem\",\"position\":1,\"name\":\"Inici\",\"item\":\"https:\\\/\\\/somosardo.com\\\/en\\\/\"},{\"@type\":\"ListItem\",\"position\":2,\"name\":\"Projectes\",\"item\":\"https:\\\/\\\/somosardo.com\\\/en\\\/projectes\\\/\"},{\"@type\":\"ListItem\",\"position\":3,\"name\":\"De quan les aig\u00fces es van tornar camins\"}]},{\"@type\":\"WebSite\",\"@id\":\"https:\\\/\\\/somosardo.com\\\/en\\\/#website\",\"url\":\"https:\\\/\\\/somosardo.com\\\/en\\\/\",\"name\":\"Ardo Productions\",\"description\":\"Productora audiovisual\",\"publisher\":{\"@id\":\"https:\\\/\\\/somosardo.com\\\/en\\\/#organization\"},\"potentialAction\":[{\"@type\":\"SearchAction\",\"target\":{\"@type\":\"EntryPoint\",\"urlTemplate\":\"https:\\\/\\\/somosardo.com\\\/en\\\/?s={search_term_string}\"},\"query-input\":{\"@type\":\"PropertyValueSpecification\",\"valueRequired\":true,\"valueName\":\"search_term_string\"}}],\"inLanguage\":\"en-US\"},{\"@type\":\"Organization\",\"@id\":\"https:\\\/\\\/somosardo.com\\\/en\\\/#organization\",\"name\":\"Ardo Productions\",\"url\":\"https:\\\/\\\/somosardo.com\\\/en\\\/\",\"logo\":{\"@type\":\"ImageObject\",\"inLanguage\":\"en-US\",\"@id\":\"https:\\\/\\\/somosardo.com\\\/en\\\/#\\\/schema\\\/logo\\\/image\\\/\",\"url\":\"https:\\\/\\\/somosardo.com\\\/wp-content\\\/uploads\\\/2026\\\/06\\\/favicon.png\",\"contentUrl\":\"https:\\\/\\\/somosardo.com\\\/wp-content\\\/uploads\\\/2026\\\/06\\\/favicon.png\",\"width\":600,\"height\":600,\"caption\":\"Ardo Productions\"},\"image\":{\"@id\":\"https:\\\/\\\/somosardo.com\\\/en\\\/#\\\/schema\\\/logo\\\/image\\\/\"},\"sameAs\":[\"https:\\\/\\\/www.instagram.com\\\/ardoproductions\\\/\",\"https:\\\/\\\/www.youtube.com\\\/@ARDO_PRODUCTIONS\"]}]}<\/script>\n<!-- \/ Yoast SEO plugin. -->","yoast_head_json":{"title":"De quan les aig\u00fces es van tornar camins &#183; Ardo Productions","robots":{"index":"noindex","follow":"follow","max-snippet":"max-snippet:-1","max-image-preview":"max-image-preview:large","max-video-preview":"max-video-preview:-1"},"og_locale":"en_US","og_type":"article","og_title":"De quan les aig\u00fces es van tornar camins &#183; Ardo Productions","og_description":"Un enc\u00e0rrec del Centre Excursionista de Catalunya Synopsis The Quer\u00f3s bridge was under water in 1967, when the Susqueda swamp was built. The drought of recent years has brought it back to the surface, and for a few months it has been possible to cross it again. From there, the routes that passed through it, [&hellip;]","og_url":"https:\/\/somosardo.com\/en\/projectes\/de-quan-les-aigues-es-van-tornar-camins\/","og_site_name":"Ardo Productions","article_modified_time":"2026-09-02T19:20:43+00:00","og_image":[{"width":2560,"height":1440,"url":"https:\/\/somosardo.com\/wp-content\/uploads\/2026\/08\/De-quan-les-aigues-es-van-tornar-camins-Portada-scaled.jpg","type":"image\/jpeg"}],"twitter_card":"summary_large_image","twitter_misc":{"Est. reading time":"2 minutes"},"schema":{"@context":"https:\/\/schema.org","@graph":[{"@type":"WebPage","@id":"https:\/\/somosardo.com\/en\/projectes\/de-quan-les-aigues-es-van-tornar-camins\/","url":"https:\/\/somosardo.com\/en\/projectes\/de-quan-les-aigues-es-van-tornar-camins\/","name":"De quan les aig\u00fces es van tornar camins &#183; Ardo Productions","isPartOf":{"@id":"https:\/\/somosardo.com\/en\/#website"},"primaryImageOfPage":{"@id":"https:\/\/somosardo.com\/en\/projectes\/de-quan-les-aigues-es-van-tornar-camins\/#primaryimage"},"image":{"@id":"https:\/\/somosardo.com\/en\/projectes\/de-quan-les-aigues-es-van-tornar-camins\/#primaryimage"},"thumbnailUrl":"https:\/\/somosardo.com\/wp-content\/uploads\/2026\/08\/De-quan-les-aigues-es-van-tornar-camins-Portada-scaled.jpg","datePublished":"2026-08-31T20:13:36+00:00","dateModified":"2026-09-02T19:20:43+00:00","breadcrumb":{"@id":"https:\/\/somosardo.com\/en\/projectes\/de-quan-les-aigues-es-van-tornar-camins\/#breadcrumb"},"inLanguage":"en-US","potentialAction":[{"@type":"ReadAction","target":["https:\/\/somosardo.com\/en\/projectes\/de-quan-les-aigues-es-van-tornar-camins\/"]}]},{"@type":"ImageObject","inLanguage":"en-US","@id":"https:\/\/somosardo.com\/en\/projectes\/de-quan-les-aigues-es-van-tornar-camins\/#primaryimage","url":"https:\/\/somosardo.com\/wp-content\/uploads\/2026\/08\/De-quan-les-aigues-es-van-tornar-camins-Portada-scaled.jpg","contentUrl":"https:\/\/somosardo.com\/wp-content\/uploads\/2026\/08\/De-quan-les-aigues-es-van-tornar-camins-Portada-scaled.jpg","width":2560,"height":1440,"caption":"El t\u00edtol De quan les aig\u00fces es van tornar camins sobre un degradat rosat"},{"@type":"BreadcrumbList","@id":"https:\/\/somosardo.com\/en\/projectes\/de-quan-les-aigues-es-van-tornar-camins\/#breadcrumb","itemListElement":[{"@type":"ListItem","position":1,"name":"Inici","item":"https:\/\/somosardo.com\/en\/"},{"@type":"ListItem","position":2,"name":"Projectes","item":"https:\/\/somosardo.com\/en\/projectes\/"},{"@type":"ListItem","position":3,"name":"De quan les aig\u00fces es van tornar camins"}]},{"@type":"WebSite","@id":"https:\/\/somosardo.com\/en\/#website","url":"https:\/\/somosardo.com\/en\/","name":"Ardo Productions","description":"Productora audiovisual","publisher":{"@id":"https:\/\/somosardo.com\/en\/#organization"},"potentialAction":[{"@type":"SearchAction","target":{"@type":"EntryPoint","urlTemplate":"https:\/\/somosardo.com\/en\/?s={search_term_string}"},"query-input":{"@type":"PropertyValueSpecification","valueRequired":true,"valueName":"search_term_string"}}],"inLanguage":"en-US"},{"@type":"Organization","@id":"https:\/\/somosardo.com\/en\/#organization","name":"Ardo Productions","url":"https:\/\/somosardo.com\/en\/","logo":{"@type":"ImageObject","inLanguage":"en-US","@id":"https:\/\/somosardo.com\/en\/#\/schema\/logo\/image\/","url":"https:\/\/somosardo.com\/wp-content\/uploads\/2026\/06\/favicon.png","contentUrl":"https:\/\/somosardo.com\/wp-content\/uploads\/2026\/06\/favicon.png","width":600,"height":600,"caption":"Ardo Productions"},"image":{"@id":"https:\/\/somosardo.com\/en\/#\/schema\/logo\/image\/"},"sameAs":["https:\/\/www.instagram.com\/ardoproductions\/","https:\/\/www.youtube.com\/@ARDO_PRODUCTIONS"]}]}},"_links":{"self":[{"href":"https:\/\/somosardo.com\/en\/wp-json\/wp\/v2\/projecte\/426","targetHints":{"allow":["GET"]}}],"collection":[{"href":"https:\/\/somosardo.com\/en\/wp-json\/wp\/v2\/projecte"}],"about":[{"href":"https:\/\/somosardo.com\/en\/wp-json\/wp\/v2\/types\/projecte"}],"wp:featuredmedia":[{"embeddable":true,"href":"https:\/\/somosardo.com\/en\/wp-json\/wp\/v2\/media\/429"}],"wp:attachment":[{"href":"https:\/\/somosardo.com\/en\/wp-json\/wp\/v2\/media?parent=426"}],"curies":[{"name":"wp","href":"https:\/\/api.w.org\/{rel}","templated":true}]}}

De quan les aigües es van tornar camins

<p class="wp-block-paragraph">Un encàrrec del Centre Excursionista de Catalunya</p>



<h2 class="wp-block-heading">Synopsis</h2>



<p class="wp-block-paragraph">The Querós bridge was under water in 1967, when the Susqueda swamp was built. The drought of recent years has brought it back to the surface, and for a few months it has been possible to cross it again.</p>



<p class="wp-block-paragraph">From there, the routes that passed through it, described by Artur Osona in 1893, are read aloud. A document about what water covers up and what its absence brings back.</p>



<h2 class="wp-block-heading">Director&#8217;s note</h2>



<p class="wp-block-paragraph">This project was carried out based on the review of a series of routes described in the &#8220;Guide to the Mountains of the Montseny Region with all its branches, including the Guilleries, that is, from the Ter to the Congost, Mogent and Tordera, divided into 144 itineraries&#8221;, (1893) Excursionista de Catalunya. The excursions worked on have in common the fact of crossing the Querós valley passing through the Querós bridge, a detail that was only possible before the construction of the Susqueda reservoir (1967). However, the persistent drought of the last year has brought to the surface the old bridge, which, overcoming the bed of the Ter river, still stands upright, connecting the two slopes of this steep valley. The lack of water has therefore made it possible to cross the Querós bridge again.<br>From there, we read the routes documented by Artur Osona that crossed it. Thus, we make an audiovisual document of an essay nature about the drought, the passage of time, erosion, hiking routes and the morphology of the Sau valley, determined by the Ter and its tributaries. The drought has led us to this area to recover a past that had been left underwater.</p>

<!-- This site is optimized with the Yoast SEO plugin v28.4 - https://yoast.com/product/yoast-seo-wordpress/ -->
<title>De quan les aigües es van tornar camins &#183; Ardo Productions</title>
<meta name="robots" content="noindex, follow, max-snippet:-1, max-image-preview:large, max-video-preview:-1" />
<meta property="og:locale" content="en_US" />
<meta property="og:type" content="article" />
<meta property="og:title" content="De quan les aigües es van tornar camins &#183; Ardo Productions" />
<meta property="og:description" content="Un encàrrec del Centre Excursionista de Catalunya Synopsis The Querós bridge was under water in 1967, when the Susqueda swamp was built. The drought of recent years has brought it back to the surface, and for a few months it has been possible to cross it again. From there, the routes that passed through it, [&hellip;]" />
<meta property="og:url" content="https://somosardo.com/en/projectes/de-quan-les-aigues-es-van-tornar-camins/" />
<meta property="og:site_name" content="Ardo Productions" />
<meta property="article:modified_time" content="2026-09-02T19:20:43+00:00" />
<meta property="og:image" content="https://somosardo.com/wp-content/uploads/2026/08/De-quan-les-aigues-es-van-tornar-camins-Portada-scaled.jpg" />
	<meta property="og:image:width" content="2560" />
	<meta property="og:image:height" content="1440" />
	<meta property="og:image:type" content="image/jpeg" />
<meta name="twitter:card" content="summary_large_image" />
<meta name="twitter:label1" content="Est. reading time" />
	<meta name="twitter:data1" content="2 minutes" />
<script type="application/ld+json" class="yoast-schema-graph">{"@context":"https:\/\/schema.org","@graph":[{"@type":"WebPage","@id":"https:\/\/somosardo.com\/en\/projectes\/de-quan-les-aigues-es-van-tornar-camins\/","url":"https:\/\/somosardo.com\/en\/projectes\/de-quan-les-aigues-es-van-tornar-camins\/","name":"De quan les aigües es van tornar camins &#183; Ardo Productions","isPartOf":{"@id":"https:\/\/somosardo.com\/en\/#website"},"primaryImageOfPage":{"@id":"https:\/\/somosardo.com\/en\/projectes\/de-quan-les-aigues-es-van-tornar-camins\/#primaryimage"},"image":{"@id":"https:\/\/somosardo.com\/en\/projectes\/de-quan-les-aigues-es-van-tornar-camins\/#primaryimage"},"thumbnailUrl":"https:\/\/somosardo.com\/wp-content\/uploads\/2026\/08\/De-quan-les-aigues-es-van-tornar-camins-Portada-scaled.jpg","datePublished":"2026-08-31T20:13:36+00:00","dateModified":"2026-09-02T19:20:43+00:00","breadcrumb":{"@id":"https:\/\/somosardo.com\/en\/projectes\/de-quan-les-aigues-es-van-tornar-camins\/#breadcrumb"},"inLanguage":"en-US","potentialAction":[{"@type":"ReadAction","target":["https:\/\/somosardo.com\/en\/projectes\/de-quan-les-aigues-es-van-tornar-camins\/"]}]},{"@type":"ImageObject","inLanguage":"en-US","@id":"https:\/\/somosardo.com\/en\/projectes\/de-quan-les-aigues-es-van-tornar-camins\/#primaryimage","url":"https:\/\/somosardo.com\/wp-content\/uploads\/2026\/08\/De-quan-les-aigues-es-van-tornar-camins-Portada-scaled.jpg","contentUrl":"https:\/\/somosardo.com\/wp-content\/uploads\/2026\/08\/De-quan-les-aigues-es-van-tornar-camins-Portada-scaled.jpg","width":2560,"height":1440,"caption":"El títol De quan les aigües es van tornar camins sobre un degradat rosat"},{"@type":"BreadcrumbList","@id":"https:\/\/somosardo.com\/en\/projectes\/de-quan-les-aigues-es-van-tornar-camins\/#breadcrumb","itemListElement":[{"@type":"ListItem","position":1,"name":"Inici","item":"https:\/\/somosardo.com\/en\/"},{"@type":"ListItem","position":2,"name":"Projectes","item":"https:\/\/somosardo.com\/en\/projectes\/"},{"@type":"ListItem","position":3,"name":"De quan les aigües es van tornar camins"}]},{"@type":"WebSite","@id":"https:\/\/somosardo.com\/en\/#website","url":"https:\/\/somosardo.com\/en\/","name":"Ardo Productions","description":"Productora audiovisual","publisher":{"@id":"https:\/\/somosardo.com\/en\/#organization"},"potentialAction":[{"@type":"SearchAction","target":{"@type":"EntryPoint","urlTemplate":"https:\/\/somosardo.com\/en\/?s={search_term_string}"},"query-input":{"@type":"PropertyValueSpecification","valueRequired":true,"valueName":"search_term_string"}}],"inLanguage":"en-US"},{"@type":"Organization","@id":"https:\/\/somosardo.com\/en\/#organization","name":"Ardo Productions","url":"https:\/\/somosardo.com\/en\/","logo":{"@type":"ImageObject","inLanguage":"en-US","@id":"https:\/\/somosardo.com\/en\/#\/schema\/logo\/image\/","url":"https:\/\/somosardo.com\/wp-content\/uploads\/2026\/06\/favicon.png","contentUrl":"https:\/\/somosardo.com\/wp-content\/uploads\/2026\/06\/favicon.png","width":600,"height":600,"caption":"Ardo Productions"},"image":{"@id":"https:\/\/somosardo.com\/en\/#\/schema\/logo\/image\/"},"sameAs":["https:\/\/www.instagram.com\/ardoproductions\/","https:\/\/www.youtube.com\/@ARDO_PRODUCTIONS"]}]}</script>
<!-- / Yoast SEO plugin. -->

De quan les aigües es van tornar camins &#183; Ardo Productions

Un encàrrec del Centre Excursionista de Catalunya Synopsis The Querós bridge was under water in 1967, when the Susqueda swamp was built. The drought of recent years has brought it back to the surface, and for a few months it has been possible to cross it again. From there, the routes that passed through it, [&hellip;]

El títol De quan les aigües es van tornar camins sobre un degradat rosat
