{"id":436,"date":"2026-08-31T23:50:54","date_gmt":"2026-08-31T21:50:54","guid":{"rendered":"https:\/\/somosardo.com\/projectes\/libacions\/"},"modified":"2026-09-02T21:25:58","modified_gmt":"2026-09-02T19:25:58","slug":"libacions","status":"publish","type":"projecte","link":"https:\/\/somosardo.com\/en\/projectes\/libacions\/","title":{"rendered":"Libacions"},"content":{"rendered":"\n<p class=\"wp-block-paragraph\">Text: Anna Dot<\/p>\n\n\n\n<h2 class=\"wp-block-heading\">Synopsis<\/h2>\n\n\n\n<p class=\"wp-block-paragraph\">In ancient Greece, a libation was a daily gesture: pouring a glass of water or of seeing land in memory of those who no longer exist. It is ugly with some abnormal plans.<\/p>\n\n\n\n<p class=\"wp-block-paragraph\">Between 2022 and 2024, Anna Dot will design ceramic patters and fill them with water that disappears. Three vegades\u2014to Paris, to Navarra and to the Empord\u00e0\u2014he will walk until the water has fully traveled.<\/p>\n\n\n\n<p class=\"wp-block-paragraph\">The video documents the second.<\/p>\n\n\n\n<h2 class=\"wp-block-heading\">Director&#8217;s note<\/h2>\n\n\n\n<p class=\"wp-block-paragraph\">The fathers of the second libation are going to present the relleu of the llit of the Ter in a few days of drying. We are going to fill both waters from the Ultzama to the next country in Bat\u00e1n de Villava and we are going to transport them to the Ultzama and disappear into the Arga. L&#8217;aigua es vessava mentre camin\u00e0vem. The libations are made in honor of the Ter, each cup more disappears.<\/p>\n\n\n\n<p class=\"wp-block-paragraph\">The first trip was to Paris in October 2022, with both La Bi\u00e8vre waters collected in an Antony park, just after the river became underground, and a walk along the roads built to the end of the Seine. The third, in the Empord\u00e0 in August 2024, will follow an ancient branch of the Ter Fins to the mouth of Sant Mart\u00ed d&#8217;Emp\u00faries.<\/p>\n\n\n\n<p class=\"wp-block-paragraph\">I&#8217;m going to carry the camera and I&#8217;m going to follow the sincere path, since it is going to fulfill the goals that it is going to see the last water.<\/p>\n\n\n\n<p class=\"wp-block-paragraph\"><em>Bat\u00e1n de Villava, Navarra, September 10, 2023. Exhibition \u201cThe Parable of the Blind\u201d, by Mapamundistas \/ El Umbral.<\/em><\/p>\n\n\n\n<p class=\"wp-block-paragraph\"><\/p>\n","protected":false},"featured_media":437,"menu_order":6,"template":"","class_list":["post-436","projecte","type-projecte","status-publish","has-post-thumbnail","hentry"],"acf":[],"yoast_head":"<!-- This site is optimized with the Yoast SEO plugin v28.4 - https:\/\/yoast.com\/product\/yoast-seo-wordpress\/ -->\n<title>Libacions &#183; Ardo Productions<\/title>\n<meta name=\"description\" content=\"Documentals, peces experimentals i documentaci\u00f3 d&#039;obra produ\u00efts per ARDO Productions. Producci\u00f3 pr\u00f2pia i en col\u00b7laboraci\u00f3 des d&#039;Osona.\" \/>\n<meta name=\"robots\" content=\"noindex, follow, max-snippet:-1, max-image-preview:large, max-video-preview:-1\" \/>\n<meta property=\"og:locale\" content=\"en_US\" \/>\n<meta property=\"og:type\" content=\"article\" \/>\n<meta property=\"og:title\" content=\"Libacions &#183; Ardo Productions\" \/>\n<meta property=\"og:description\" content=\"Documentals, peces experimentals i documentaci\u00f3 d&#039;obra produ\u00efts per ARDO Productions. Producci\u00f3 pr\u00f2pia i en col\u00b7laboraci\u00f3 des d&#039;Osona.\" \/>\n<meta property=\"og:url\" content=\"https:\/\/somosardo.com\/en\/projectes\/libacions\/\" \/>\n<meta property=\"og:site_name\" content=\"Ardo Productions\" \/>\n<meta property=\"article:modified_time\" content=\"2026-09-02T19:25:58+00:00\" \/>\n<meta property=\"og:image\" content=\"https:\/\/somosardo.com\/wp-content\/uploads\/2026\/08\/Libacions-Portada-scaled.jpg\" \/>\n\t<meta property=\"og:image:width\" content=\"2560\" \/>\n\t<meta property=\"og:image:height\" content=\"1440\" \/>\n\t<meta property=\"og:image:type\" content=\"image\/jpeg\" \/>\n<meta name=\"twitter:card\" content=\"summary_large_image\" \/>\n<meta name=\"twitter:label1\" content=\"Est. reading time\" \/>\n\t<meta name=\"twitter:data1\" content=\"2 minutes\" \/>\n<script type=\"application\/ld+json\" class=\"yoast-schema-graph\">{\"@context\":\"https:\\\/\\\/schema.org\",\"@graph\":[{\"@type\":\"WebPage\",\"@id\":\"https:\\\/\\\/somosardo.com\\\/en\\\/projectes\\\/libacions\\\/\",\"url\":\"https:\\\/\\\/somosardo.com\\\/en\\\/projectes\\\/libacions\\\/\",\"name\":\"Libacions &#183; Ardo Productions\",\"isPartOf\":{\"@id\":\"https:\\\/\\\/somosardo.com\\\/en\\\/#website\"},\"primaryImageOfPage\":{\"@id\":\"https:\\\/\\\/somosardo.com\\\/en\\\/projectes\\\/libacions\\\/#primaryimage\"},\"image\":{\"@id\":\"https:\\\/\\\/somosardo.com\\\/en\\\/projectes\\\/libacions\\\/#primaryimage\"},\"thumbnailUrl\":\"https:\\\/\\\/somosardo.com\\\/wp-content\\\/uploads\\\/2026\\\/08\\\/Libacions-Portada-scaled.jpg\",\"datePublished\":\"2026-08-31T21:50:54+00:00\",\"dateModified\":\"2026-09-02T19:25:58+00:00\",\"description\":\"Documentals, peces experimentals i documentaci\u00f3 d'obra produ\u00efts per ARDO Productions. Producci\u00f3 pr\u00f2pia i en col\u00b7laboraci\u00f3 des d'Osona.\",\"breadcrumb\":{\"@id\":\"https:\\\/\\\/somosardo.com\\\/en\\\/projectes\\\/libacions\\\/#breadcrumb\"},\"inLanguage\":\"en-US\",\"potentialAction\":[{\"@type\":\"ReadAction\",\"target\":[\"https:\\\/\\\/somosardo.com\\\/en\\\/projectes\\\/libacions\\\/\"]}]},{\"@type\":\"ImageObject\",\"inLanguage\":\"en-US\",\"@id\":\"https:\\\/\\\/somosardo.com\\\/en\\\/projectes\\\/libacions\\\/#primaryimage\",\"url\":\"https:\\\/\\\/somosardo.com\\\/wp-content\\\/uploads\\\/2026\\\/08\\\/Libacions-Portada-scaled.jpg\",\"contentUrl\":\"https:\\\/\\\/somosardo.com\\\/wp-content\\\/uploads\\\/2026\\\/08\\\/Libacions-Portada-scaled.jpg\",\"width\":2560,\"height\":1440,\"caption\":\"Un riu entre el bosc amb el t\u00edtol Libacions i el nom d'Anna Dot\"},{\"@type\":\"BreadcrumbList\",\"@id\":\"https:\\\/\\\/somosardo.com\\\/en\\\/projectes\\\/libacions\\\/#breadcrumb\",\"itemListElement\":[{\"@type\":\"ListItem\",\"position\":1,\"name\":\"Inici\",\"item\":\"https:\\\/\\\/somosardo.com\\\/en\\\/\"},{\"@type\":\"ListItem\",\"position\":2,\"name\":\"Projectes\",\"item\":\"https:\\\/\\\/somosardo.com\\\/en\\\/projectes\\\/\"},{\"@type\":\"ListItem\",\"position\":3,\"name\":\"Libacions\"}]},{\"@type\":\"WebSite\",\"@id\":\"https:\\\/\\\/somosardo.com\\\/en\\\/#website\",\"url\":\"https:\\\/\\\/somosardo.com\\\/en\\\/\",\"name\":\"Ardo Productions\",\"description\":\"Productora audiovisual\",\"publisher\":{\"@id\":\"https:\\\/\\\/somosardo.com\\\/en\\\/#organization\"},\"potentialAction\":[{\"@type\":\"SearchAction\",\"target\":{\"@type\":\"EntryPoint\",\"urlTemplate\":\"https:\\\/\\\/somosardo.com\\\/en\\\/?s={search_term_string}\"},\"query-input\":{\"@type\":\"PropertyValueSpecification\",\"valueRequired\":true,\"valueName\":\"search_term_string\"}}],\"inLanguage\":\"en-US\"},{\"@type\":\"Organization\",\"@id\":\"https:\\\/\\\/somosardo.com\\\/en\\\/#organization\",\"name\":\"Ardo Productions\",\"url\":\"https:\\\/\\\/somosardo.com\\\/en\\\/\",\"logo\":{\"@type\":\"ImageObject\",\"inLanguage\":\"en-US\",\"@id\":\"https:\\\/\\\/somosardo.com\\\/en\\\/#\\\/schema\\\/logo\\\/image\\\/\",\"url\":\"https:\\\/\\\/somosardo.com\\\/wp-content\\\/uploads\\\/2026\\\/06\\\/favicon.png\",\"contentUrl\":\"https:\\\/\\\/somosardo.com\\\/wp-content\\\/uploads\\\/2026\\\/06\\\/favicon.png\",\"width\":600,\"height\":600,\"caption\":\"Ardo Productions\"},\"image\":{\"@id\":\"https:\\\/\\\/somosardo.com\\\/en\\\/#\\\/schema\\\/logo\\\/image\\\/\"},\"sameAs\":[\"https:\\\/\\\/www.instagram.com\\\/ardoproductions\\\/\",\"https:\\\/\\\/www.youtube.com\\\/@ARDO_PRODUCTIONS\"]}]}<\/script>\n<!-- \/ Yoast SEO plugin. -->","yoast_head_json":{"title":"Libacions &#183; Ardo Productions","description":"Documentals, peces experimentals i documentaci\u00f3 d'obra produ\u00efts per ARDO Productions. Producci\u00f3 pr\u00f2pia i en col\u00b7laboraci\u00f3 des d'Osona.","robots":{"index":"noindex","follow":"follow","max-snippet":"max-snippet:-1","max-image-preview":"max-image-preview:large","max-video-preview":"max-video-preview:-1"},"og_locale":"en_US","og_type":"article","og_title":"Libacions &#183; Ardo Productions","og_description":"Documentals, peces experimentals i documentaci\u00f3 d'obra produ\u00efts per ARDO Productions. Producci\u00f3 pr\u00f2pia i en col\u00b7laboraci\u00f3 des d'Osona.","og_url":"https:\/\/somosardo.com\/en\/projectes\/libacions\/","og_site_name":"Ardo Productions","article_modified_time":"2026-09-02T19:25:58+00:00","og_image":[{"width":2560,"height":1440,"url":"https:\/\/somosardo.com\/wp-content\/uploads\/2026\/08\/Libacions-Portada-scaled.jpg","type":"image\/jpeg"}],"twitter_card":"summary_large_image","twitter_misc":{"Est. reading time":"2 minutes"},"schema":{"@context":"https:\/\/schema.org","@graph":[{"@type":"WebPage","@id":"https:\/\/somosardo.com\/en\/projectes\/libacions\/","url":"https:\/\/somosardo.com\/en\/projectes\/libacions\/","name":"Libacions &#183; Ardo Productions","isPartOf":{"@id":"https:\/\/somosardo.com\/en\/#website"},"primaryImageOfPage":{"@id":"https:\/\/somosardo.com\/en\/projectes\/libacions\/#primaryimage"},"image":{"@id":"https:\/\/somosardo.com\/en\/projectes\/libacions\/#primaryimage"},"thumbnailUrl":"https:\/\/somosardo.com\/wp-content\/uploads\/2026\/08\/Libacions-Portada-scaled.jpg","datePublished":"2026-08-31T21:50:54+00:00","dateModified":"2026-09-02T19:25:58+00:00","description":"Documentals, peces experimentals i documentaci\u00f3 d'obra produ\u00efts per ARDO Productions. Producci\u00f3 pr\u00f2pia i en col\u00b7laboraci\u00f3 des d'Osona.","breadcrumb":{"@id":"https:\/\/somosardo.com\/en\/projectes\/libacions\/#breadcrumb"},"inLanguage":"en-US","potentialAction":[{"@type":"ReadAction","target":["https:\/\/somosardo.com\/en\/projectes\/libacions\/"]}]},{"@type":"ImageObject","inLanguage":"en-US","@id":"https:\/\/somosardo.com\/en\/projectes\/libacions\/#primaryimage","url":"https:\/\/somosardo.com\/wp-content\/uploads\/2026\/08\/Libacions-Portada-scaled.jpg","contentUrl":"https:\/\/somosardo.com\/wp-content\/uploads\/2026\/08\/Libacions-Portada-scaled.jpg","width":2560,"height":1440,"caption":"Un riu entre el bosc amb el t\u00edtol Libacions i el nom d'Anna Dot"},{"@type":"BreadcrumbList","@id":"https:\/\/somosardo.com\/en\/projectes\/libacions\/#breadcrumb","itemListElement":[{"@type":"ListItem","position":1,"name":"Inici","item":"https:\/\/somosardo.com\/en\/"},{"@type":"ListItem","position":2,"name":"Projectes","item":"https:\/\/somosardo.com\/en\/projectes\/"},{"@type":"ListItem","position":3,"name":"Libacions"}]},{"@type":"WebSite","@id":"https:\/\/somosardo.com\/en\/#website","url":"https:\/\/somosardo.com\/en\/","name":"Ardo Productions","description":"Productora audiovisual","publisher":{"@id":"https:\/\/somosardo.com\/en\/#organization"},"potentialAction":[{"@type":"SearchAction","target":{"@type":"EntryPoint","urlTemplate":"https:\/\/somosardo.com\/en\/?s={search_term_string}"},"query-input":{"@type":"PropertyValueSpecification","valueRequired":true,"valueName":"search_term_string"}}],"inLanguage":"en-US"},{"@type":"Organization","@id":"https:\/\/somosardo.com\/en\/#organization","name":"Ardo Productions","url":"https:\/\/somosardo.com\/en\/","logo":{"@type":"ImageObject","inLanguage":"en-US","@id":"https:\/\/somosardo.com\/en\/#\/schema\/logo\/image\/","url":"https:\/\/somosardo.com\/wp-content\/uploads\/2026\/06\/favicon.png","contentUrl":"https:\/\/somosardo.com\/wp-content\/uploads\/2026\/06\/favicon.png","width":600,"height":600,"caption":"Ardo Productions"},"image":{"@id":"https:\/\/somosardo.com\/en\/#\/schema\/logo\/image\/"},"sameAs":["https:\/\/www.instagram.com\/ardoproductions\/","https:\/\/www.youtube.com\/@ARDO_PRODUCTIONS"]}]}},"_links":{"self":[{"href":"https:\/\/somosardo.com\/en\/wp-json\/wp\/v2\/projecte\/436","targetHints":{"allow":["GET"]}}],"collection":[{"href":"https:\/\/somosardo.com\/en\/wp-json\/wp\/v2\/projecte"}],"about":[{"href":"https:\/\/somosardo.com\/en\/wp-json\/wp\/v2\/types\/projecte"}],"wp:featuredmedia":[{"embeddable":true,"href":"https:\/\/somosardo.com\/en\/wp-json\/wp\/v2\/media\/437"}],"wp:attachment":[{"href":"https:\/\/somosardo.com\/en\/wp-json\/wp\/v2\/media?parent=436"}],"curies":[{"name":"wp","href":"https:\/\/api.w.org\/{rel}","templated":true}]}}

<p class="wp-block-paragraph">Text: Anna Dot</p>



<h2 class="wp-block-heading">Synopsis</h2>



<p class="wp-block-paragraph">In ancient Greece, a libation was a daily gesture: pouring a glass of water or of seeing land in memory of those who no longer exist. It is ugly with some abnormal plans.</p>



<p class="wp-block-paragraph">Between 2022 and 2024, Anna Dot will design ceramic patters and fill them with water that disappears. Three vegades—to Paris, to Navarra and to the Empordà—he will walk until the water has fully traveled.</p>



<p class="wp-block-paragraph">The video documents the second.</p>



<h2 class="wp-block-heading">Director&#8217;s note</h2>



<p class="wp-block-paragraph">The fathers of the second libation are going to present the relleu of the llit of the Ter in a few days of drying. We are going to fill both waters from the Ultzama to the next country in Batán de Villava and we are going to transport them to the Ultzama and disappear into the Arga. L&#8217;aigua es vessava mentre caminàvem. The libations are made in honor of the Ter, each cup more disappears.</p>



<p class="wp-block-paragraph">The first trip was to Paris in October 2022, with both La Bièvre waters collected in an Antony park, just after the river became underground, and a walk along the roads built to the end of the Seine. The third, in the Empordà in August 2024, will follow an ancient branch of the Ter Fins to the mouth of Sant Martí d&#8217;Empúries.</p>



<p class="wp-block-paragraph">I&#8217;m going to carry the camera and I&#8217;m going to follow the sincere path, since it is going to fulfill the goals that it is going to see the last water.</p>



<p class="wp-block-paragraph"><em>Batán de Villava, Navarra, September 10, 2023. Exhibition “The Parable of the Blind”, by Mapamundistas / El Umbral.</em></p>



<p class="wp-block-paragraph"></p>

<!-- This site is optimized with the Yoast SEO plugin v28.4 - https://yoast.com/product/yoast-seo-wordpress/ -->
<title>Libacions &#183; Ardo Productions</title>
<meta name="description" content="Documentals, peces experimentals i documentació d&#039;obra produïts per ARDO Productions. Producció pròpia i en col·laboració des d&#039;Osona." />
<meta name="robots" content="noindex, follow, max-snippet:-1, max-image-preview:large, max-video-preview:-1" />
<meta property="og:locale" content="en_US" />
<meta property="og:type" content="article" />
<meta property="og:title" content="Libacions &#183; Ardo Productions" />
<meta property="og:description" content="Documentals, peces experimentals i documentació d&#039;obra produïts per ARDO Productions. Producció pròpia i en col·laboració des d&#039;Osona." />
<meta property="og:url" content="https://somosardo.com/en/projectes/libacions/" />
<meta property="og:site_name" content="Ardo Productions" />
<meta property="article:modified_time" content="2026-09-02T19:25:58+00:00" />
<meta property="og:image" content="https://somosardo.com/wp-content/uploads/2026/08/Libacions-Portada-scaled.jpg" />
	<meta property="og:image:width" content="2560" />
	<meta property="og:image:height" content="1440" />
	<meta property="og:image:type" content="image/jpeg" />
<meta name="twitter:card" content="summary_large_image" />
<meta name="twitter:label1" content="Est. reading time" />
	<meta name="twitter:data1" content="2 minutes" />
<script type="application/ld+json" class="yoast-schema-graph">{"@context":"https:\/\/schema.org","@graph":[{"@type":"WebPage","@id":"https:\/\/somosardo.com\/en\/projectes\/libacions\/","url":"https:\/\/somosardo.com\/en\/projectes\/libacions\/","name":"Libacions &#183; Ardo Productions","isPartOf":{"@id":"https:\/\/somosardo.com\/en\/#website"},"primaryImageOfPage":{"@id":"https:\/\/somosardo.com\/en\/projectes\/libacions\/#primaryimage"},"image":{"@id":"https:\/\/somosardo.com\/en\/projectes\/libacions\/#primaryimage"},"thumbnailUrl":"https:\/\/somosardo.com\/wp-content\/uploads\/2026\/08\/Libacions-Portada-scaled.jpg","datePublished":"2026-08-31T21:50:54+00:00","dateModified":"2026-09-02T19:25:58+00:00","description":"Documentals, peces experimentals i documentació d'obra produïts per ARDO Productions. Producció pròpia i en col·laboració des d'Osona.","breadcrumb":{"@id":"https:\/\/somosardo.com\/en\/projectes\/libacions\/#breadcrumb"},"inLanguage":"en-US","potentialAction":[{"@type":"ReadAction","target":["https:\/\/somosardo.com\/en\/projectes\/libacions\/"]}]},{"@type":"ImageObject","inLanguage":"en-US","@id":"https:\/\/somosardo.com\/en\/projectes\/libacions\/#primaryimage","url":"https:\/\/somosardo.com\/wp-content\/uploads\/2026\/08\/Libacions-Portada-scaled.jpg","contentUrl":"https:\/\/somosardo.com\/wp-content\/uploads\/2026\/08\/Libacions-Portada-scaled.jpg","width":2560,"height":1440,"caption":"Un riu entre el bosc amb el títol Libacions i el nom d'Anna Dot"},{"@type":"BreadcrumbList","@id":"https:\/\/somosardo.com\/en\/projectes\/libacions\/#breadcrumb","itemListElement":[{"@type":"ListItem","position":1,"name":"Inici","item":"https:\/\/somosardo.com\/en\/"},{"@type":"ListItem","position":2,"name":"Projectes","item":"https:\/\/somosardo.com\/en\/projectes\/"},{"@type":"ListItem","position":3,"name":"Libacions"}]},{"@type":"WebSite","@id":"https:\/\/somosardo.com\/en\/#website","url":"https:\/\/somosardo.com\/en\/","name":"Ardo Productions","description":"Productora audiovisual","publisher":{"@id":"https:\/\/somosardo.com\/en\/#organization"},"potentialAction":[{"@type":"SearchAction","target":{"@type":"EntryPoint","urlTemplate":"https:\/\/somosardo.com\/en\/?s={search_term_string}"},"query-input":{"@type":"PropertyValueSpecification","valueRequired":true,"valueName":"search_term_string"}}],"inLanguage":"en-US"},{"@type":"Organization","@id":"https:\/\/somosardo.com\/en\/#organization","name":"Ardo Productions","url":"https:\/\/somosardo.com\/en\/","logo":{"@type":"ImageObject","inLanguage":"en-US","@id":"https:\/\/somosardo.com\/en\/#\/schema\/logo\/image\/","url":"https:\/\/somosardo.com\/wp-content\/uploads\/2026\/06\/favicon.png","contentUrl":"https:\/\/somosardo.com\/wp-content\/uploads\/2026\/06\/favicon.png","width":600,"height":600,"caption":"Ardo Productions"},"image":{"@id":"https:\/\/somosardo.com\/en\/#\/schema\/logo\/image\/"},"sameAs":["https:\/\/www.instagram.com\/ardoproductions\/","https:\/\/www.youtube.com\/@ARDO_PRODUCTIONS"]}]}</script>
<!-- / Yoast SEO plugin. -->

Documentals, peces experimentals i documentació d'obra produïts per ARDO Productions. Producció pròpia i en col·laboració des d'Osona.

Un riu entre el bosc amb el títol Libacions i el nom d'Anna Dot
