{"id":393,"date":"2026-06-19T08:54:13","date_gmt":"2026-06-19T06:54:13","guid":{"rendered":"https:\/\/somosardo.com\/projectes\/una-mesa-dos-mitades\/"},"modified":"2026-09-02T18:52:18","modified_gmt":"2026-09-02T16:52:18","slug":"una-mesa-dos-mitades","status":"publish","type":"projecte","link":"https:\/\/somosardo.com\/es\/projectes\/una-mesa-dos-mitades\/","title":{"rendered":"Una mesa, dos mitades"},"content":{"rendered":"\n<p class=\"wp-block-paragraph\">Cinematograf\u00eda, sonido y montaje: Pol Aregall<br>M\u00fasica: CARLA y Yehezkel Raz<\/p>\n\n\n\n<h2 class=\"wp-block-heading\">Sinopsis<\/h2>\n\n\n\n<p class=\"wp-block-paragraph\">\u00abUna Mesa, Dos Mitades\u00bb es un cortometraje documental que explora el di\u00e1logo creativo que se estableci\u00f3 entre Sara Regal y Pol Aregall durante la creaci\u00f3n de una pieza \u00fanica para la Galer\u00eda Vasto. El proyecto surgi\u00f3 del encargo de Medida y la galer\u00eda, que pidieron a Sara que dise\u00f1ara un mueble utilizando exclusivamente los restos generados durante la reforma del espacio, con el objetivo de minimizar residuos y resignificar su valor.<\/p>\n\n\n\n<h2 class=\"wp-block-heading\">Nota de direcci\u00f3n<\/h2>\n\n\n\n<p class=\"wp-block-paragraph\">Ese planteamiento me inspir\u00f3 profundamente. La idea de transformar los desechos en algo significativo reson\u00f3 no s\u00f3lo en la pieza final, sino tambi\u00e9n en mi forma de abordar el documental. Decid\u00ed que este proyecto era una oportunidad ideal para utilizar formatos audiovisuales casi olvidados, como el s\u00faper 8 y el hi-8, as\u00ed como t\u00e9cnicas fotogr\u00e1ficas y estilos visuales que conectaran formalmente con el concepto de reutilizaci\u00f3n y resignificaci\u00f3n.<\/p>\n\n\n\n<p class=\"wp-block-paragraph\">Esta experiencia fue un intercambio constante de ideas y emociones, que no s\u00f3lo dio forma a la mesa \u2014partida en dos mitades y concebida como una met\u00e1fora del valor de la materialidad\u2014, sino tambi\u00e9n en la narrativa del documental.<\/p>\n\n\n\n<p class=\"wp-block-paragraph\">M\u00e1s all\u00e1 del resultado f\u00edsico, este proyecto fue una oportunidad para reflexionar sobre la importancia de reutilizar materiales y formatos en un momento en el que cuidar el medio ambiente es m\u00e1s necesario que nunca. Explorar c\u00f3mo dar una nueva vida tanto a los desechos como a las herramientas creativas se convirti\u00f3 en el centro de esta experiencia.<\/p>\n\n\n\n<p class=\"wp-block-paragraph\">Un agradecimiento a todos los equipos y personas que han participado en este proyecto.<\/p>\n","protected":false},"featured_media":385,"menu_order":2,"template":"","class_list":["post-393","projecte","type-projecte","status-publish","has-post-thumbnail","hentry"],"acf":[],"yoast_head":"<!-- This site is optimized with the Yoast SEO plugin v28.4 - https:\/\/yoast.com\/product\/yoast-seo-wordpress\/ -->\n<title>Una mesa, dos mitades &#183; Ardo Productions<\/title>\n<meta name=\"robots\" content=\"noindex, follow, max-snippet:-1, max-image-preview:large, max-video-preview:-1\" \/>\n<meta property=\"og:locale\" content=\"es_ES\" \/>\n<meta property=\"og:type\" content=\"article\" \/>\n<meta property=\"og:title\" content=\"Una mesa, dos mitades &#183; Ardo Productions\" \/>\n<meta property=\"og:description\" content=\"Cinematograf\u00eda, sonido y montaje: Pol AregallM\u00fasica: CARLA y Yehezkel Raz Sinopsis \u00abUna Mesa, Dos Mitades\u00bb es un cortometraje documental que explora el di\u00e1logo creativo que se estableci\u00f3 entre Sara Regal y Pol Aregall durante la creaci\u00f3n de una pieza \u00fanica para la Galer\u00eda Vasto. El proyecto surgi\u00f3 del encargo de Medida y la galer\u00eda, que [&hellip;]\" \/>\n<meta property=\"og:url\" content=\"https:\/\/somosardo.com\/es\/projectes\/una-mesa-dos-mitades\/\" \/>\n<meta property=\"og:site_name\" content=\"Ardo Productions\" \/>\n<meta property=\"article:modified_time\" content=\"2026-09-02T16:52:18+00:00\" \/>\n<meta property=\"og:image\" content=\"https:\/\/somosardo.com\/wp-content\/uploads\/2026\/06\/Una-mesa-dos-mitades-Portada.jpg\" \/>\n\t<meta property=\"og:image:width\" content=\"1872\" \/>\n\t<meta property=\"og:image:height\" content=\"1032\" \/>\n\t<meta property=\"og:image:type\" content=\"image\/jpeg\" \/>\n<meta name=\"twitter:card\" content=\"summary_large_image\" \/>\n<meta name=\"twitter:label1\" content=\"Tiempo de lectura\" \/>\n\t<meta name=\"twitter:data1\" content=\"2 minutos\" \/>\n<script type=\"application\/ld+json\" class=\"yoast-schema-graph\">{\"@context\":\"https:\\\/\\\/schema.org\",\"@graph\":[{\"@type\":\"WebPage\",\"@id\":\"https:\\\/\\\/somosardo.com\\\/es\\\/projectes\\\/una-mesa-dos-mitades\\\/\",\"url\":\"https:\\\/\\\/somosardo.com\\\/es\\\/projectes\\\/una-mesa-dos-mitades\\\/\",\"name\":\"Una mesa, dos mitades &#183; Ardo Productions\",\"isPartOf\":{\"@id\":\"https:\\\/\\\/somosardo.com\\\/es\\\/#website\"},\"primaryImageOfPage\":{\"@id\":\"https:\\\/\\\/somosardo.com\\\/es\\\/projectes\\\/una-mesa-dos-mitades\\\/#primaryimage\"},\"image\":{\"@id\":\"https:\\\/\\\/somosardo.com\\\/es\\\/projectes\\\/una-mesa-dos-mitades\\\/#primaryimage\"},\"thumbnailUrl\":\"https:\\\/\\\/somosardo.com\\\/wp-content\\\/uploads\\\/2026\\\/06\\\/Una-mesa-dos-mitades-Portada.jpg\",\"datePublished\":\"2026-06-19T06:54:13+00:00\",\"dateModified\":\"2026-09-02T16:52:18+00:00\",\"breadcrumb\":{\"@id\":\"https:\\\/\\\/somosardo.com\\\/es\\\/projectes\\\/una-mesa-dos-mitades\\\/#breadcrumb\"},\"inLanguage\":\"es\",\"potentialAction\":[{\"@type\":\"ReadAction\",\"target\":[\"https:\\\/\\\/somosardo.com\\\/es\\\/projectes\\\/una-mesa-dos-mitades\\\/\"]}]},{\"@type\":\"ImageObject\",\"inLanguage\":\"es\",\"@id\":\"https:\\\/\\\/somosardo.com\\\/es\\\/projectes\\\/una-mesa-dos-mitades\\\/#primaryimage\",\"url\":\"https:\\\/\\\/somosardo.com\\\/wp-content\\\/uploads\\\/2026\\\/06\\\/Una-mesa-dos-mitades-Portada.jpg\",\"contentUrl\":\"https:\\\/\\\/somosardo.com\\\/wp-content\\\/uploads\\\/2026\\\/06\\\/Una-mesa-dos-mitades-Portada.jpg\",\"width\":1872,\"height\":1032,\"caption\":\"Fotograma d'Una Mesa, Dos Mitades, curtmetratge documental de Pol Aregall\"},{\"@type\":\"BreadcrumbList\",\"@id\":\"https:\\\/\\\/somosardo.com\\\/es\\\/projectes\\\/una-mesa-dos-mitades\\\/#breadcrumb\",\"itemListElement\":[{\"@type\":\"ListItem\",\"position\":1,\"name\":\"Inici\",\"item\":\"https:\\\/\\\/somosardo.com\\\/es\\\/\"},{\"@type\":\"ListItem\",\"position\":2,\"name\":\"Projectes\",\"item\":\"https:\\\/\\\/somosardo.com\\\/es\\\/projectes\\\/\"},{\"@type\":\"ListItem\",\"position\":3,\"name\":\"Una mesa, dos mitades\"}]},{\"@type\":\"WebSite\",\"@id\":\"https:\\\/\\\/somosardo.com\\\/es\\\/#website\",\"url\":\"https:\\\/\\\/somosardo.com\\\/es\\\/\",\"name\":\"Ardo Productions\",\"description\":\"Productora audiovisual\",\"publisher\":{\"@id\":\"https:\\\/\\\/somosardo.com\\\/es\\\/#organization\"},\"potentialAction\":[{\"@type\":\"SearchAction\",\"target\":{\"@type\":\"EntryPoint\",\"urlTemplate\":\"https:\\\/\\\/somosardo.com\\\/es\\\/?s={search_term_string}\"},\"query-input\":{\"@type\":\"PropertyValueSpecification\",\"valueRequired\":true,\"valueName\":\"search_term_string\"}}],\"inLanguage\":\"es\"},{\"@type\":\"Organization\",\"@id\":\"https:\\\/\\\/somosardo.com\\\/es\\\/#organization\",\"name\":\"Ardo Productions\",\"url\":\"https:\\\/\\\/somosardo.com\\\/es\\\/\",\"logo\":{\"@type\":\"ImageObject\",\"inLanguage\":\"es\",\"@id\":\"https:\\\/\\\/somosardo.com\\\/es\\\/#\\\/schema\\\/logo\\\/image\\\/\",\"url\":\"https:\\\/\\\/somosardo.com\\\/wp-content\\\/uploads\\\/2026\\\/06\\\/favicon.png\",\"contentUrl\":\"https:\\\/\\\/somosardo.com\\\/wp-content\\\/uploads\\\/2026\\\/06\\\/favicon.png\",\"width\":600,\"height\":600,\"caption\":\"Ardo Productions\"},\"image\":{\"@id\":\"https:\\\/\\\/somosardo.com\\\/es\\\/#\\\/schema\\\/logo\\\/image\\\/\"},\"sameAs\":[\"https:\\\/\\\/www.instagram.com\\\/ardoproductions\\\/\",\"https:\\\/\\\/www.youtube.com\\\/@ARDO_PRODUCTIONS\"]}]}<\/script>\n<!-- \/ Yoast SEO plugin. -->","yoast_head_json":{"title":"Una mesa, dos mitades &#183; Ardo Productions","robots":{"index":"noindex","follow":"follow","max-snippet":"max-snippet:-1","max-image-preview":"max-image-preview:large","max-video-preview":"max-video-preview:-1"},"og_locale":"es_ES","og_type":"article","og_title":"Una mesa, dos mitades &#183; Ardo Productions","og_description":"Cinematograf\u00eda, sonido y montaje: Pol AregallM\u00fasica: CARLA y Yehezkel Raz Sinopsis \u00abUna Mesa, Dos Mitades\u00bb es un cortometraje documental que explora el di\u00e1logo creativo que se estableci\u00f3 entre Sara Regal y Pol Aregall durante la creaci\u00f3n de una pieza \u00fanica para la Galer\u00eda Vasto. El proyecto surgi\u00f3 del encargo de Medida y la galer\u00eda, que [&hellip;]","og_url":"https:\/\/somosardo.com\/es\/projectes\/una-mesa-dos-mitades\/","og_site_name":"Ardo Productions","article_modified_time":"2026-09-02T16:52:18+00:00","og_image":[{"width":1872,"height":1032,"url":"https:\/\/somosardo.com\/wp-content\/uploads\/2026\/06\/Una-mesa-dos-mitades-Portada.jpg","type":"image\/jpeg"}],"twitter_card":"summary_large_image","twitter_misc":{"Tiempo de lectura":"2 minutos"},"schema":{"@context":"https:\/\/schema.org","@graph":[{"@type":"WebPage","@id":"https:\/\/somosardo.com\/es\/projectes\/una-mesa-dos-mitades\/","url":"https:\/\/somosardo.com\/es\/projectes\/una-mesa-dos-mitades\/","name":"Una mesa, dos mitades &#183; Ardo Productions","isPartOf":{"@id":"https:\/\/somosardo.com\/es\/#website"},"primaryImageOfPage":{"@id":"https:\/\/somosardo.com\/es\/projectes\/una-mesa-dos-mitades\/#primaryimage"},"image":{"@id":"https:\/\/somosardo.com\/es\/projectes\/una-mesa-dos-mitades\/#primaryimage"},"thumbnailUrl":"https:\/\/somosardo.com\/wp-content\/uploads\/2026\/06\/Una-mesa-dos-mitades-Portada.jpg","datePublished":"2026-06-19T06:54:13+00:00","dateModified":"2026-09-02T16:52:18+00:00","breadcrumb":{"@id":"https:\/\/somosardo.com\/es\/projectes\/una-mesa-dos-mitades\/#breadcrumb"},"inLanguage":"es","potentialAction":[{"@type":"ReadAction","target":["https:\/\/somosardo.com\/es\/projectes\/una-mesa-dos-mitades\/"]}]},{"@type":"ImageObject","inLanguage":"es","@id":"https:\/\/somosardo.com\/es\/projectes\/una-mesa-dos-mitades\/#primaryimage","url":"https:\/\/somosardo.com\/wp-content\/uploads\/2026\/06\/Una-mesa-dos-mitades-Portada.jpg","contentUrl":"https:\/\/somosardo.com\/wp-content\/uploads\/2026\/06\/Una-mesa-dos-mitades-Portada.jpg","width":1872,"height":1032,"caption":"Fotograma d'Una Mesa, Dos Mitades, curtmetratge documental de Pol Aregall"},{"@type":"BreadcrumbList","@id":"https:\/\/somosardo.com\/es\/projectes\/una-mesa-dos-mitades\/#breadcrumb","itemListElement":[{"@type":"ListItem","position":1,"name":"Inici","item":"https:\/\/somosardo.com\/es\/"},{"@type":"ListItem","position":2,"name":"Projectes","item":"https:\/\/somosardo.com\/es\/projectes\/"},{"@type":"ListItem","position":3,"name":"Una mesa, dos mitades"}]},{"@type":"WebSite","@id":"https:\/\/somosardo.com\/es\/#website","url":"https:\/\/somosardo.com\/es\/","name":"Ardo Productions","description":"Productora audiovisual","publisher":{"@id":"https:\/\/somosardo.com\/es\/#organization"},"potentialAction":[{"@type":"SearchAction","target":{"@type":"EntryPoint","urlTemplate":"https:\/\/somosardo.com\/es\/?s={search_term_string}"},"query-input":{"@type":"PropertyValueSpecification","valueRequired":true,"valueName":"search_term_string"}}],"inLanguage":"es"},{"@type":"Organization","@id":"https:\/\/somosardo.com\/es\/#organization","name":"Ardo Productions","url":"https:\/\/somosardo.com\/es\/","logo":{"@type":"ImageObject","inLanguage":"es","@id":"https:\/\/somosardo.com\/es\/#\/schema\/logo\/image\/","url":"https:\/\/somosardo.com\/wp-content\/uploads\/2026\/06\/favicon.png","contentUrl":"https:\/\/somosardo.com\/wp-content\/uploads\/2026\/06\/favicon.png","width":600,"height":600,"caption":"Ardo Productions"},"image":{"@id":"https:\/\/somosardo.com\/es\/#\/schema\/logo\/image\/"},"sameAs":["https:\/\/www.instagram.com\/ardoproductions\/","https:\/\/www.youtube.com\/@ARDO_PRODUCTIONS"]}]}},"_links":{"self":[{"href":"https:\/\/somosardo.com\/es\/wp-json\/wp\/v2\/projecte\/393","targetHints":{"allow":["GET"]}}],"collection":[{"href":"https:\/\/somosardo.com\/es\/wp-json\/wp\/v2\/projecte"}],"about":[{"href":"https:\/\/somosardo.com\/es\/wp-json\/wp\/v2\/types\/projecte"}],"wp:featuredmedia":[{"embeddable":true,"href":"https:\/\/somosardo.com\/es\/wp-json\/wp\/v2\/media\/385"}],"wp:attachment":[{"href":"https:\/\/somosardo.com\/es\/wp-json\/wp\/v2\/media?parent=393"}],"curies":[{"name":"wp","href":"https:\/\/api.w.org\/{rel}","templated":true}]}}

<p class="wp-block-paragraph">Cinematografía, sonido y montaje: Pol Aregall<br>Música: CARLA y Yehezkel Raz</p>



<h2 class="wp-block-heading">Sinopsis</h2>



<p class="wp-block-paragraph">«Una Mesa, Dos Mitades» es un cortometraje documental que explora el diálogo creativo que se estableció entre Sara Regal y Pol Aregall durante la creación de una pieza única para la Galería Vasto. El proyecto surgió del encargo de Medida y la galería, que pidieron a Sara que diseñara un mueble utilizando exclusivamente los restos generados durante la reforma del espacio, con el objetivo de minimizar residuos y resignificar su valor.</p>



<h2 class="wp-block-heading">Nota de dirección</h2>



<p class="wp-block-paragraph">Ese planteamiento me inspiró profundamente. La idea de transformar los desechos en algo significativo resonó no sólo en la pieza final, sino también en mi forma de abordar el documental. Decidí que este proyecto era una oportunidad ideal para utilizar formatos audiovisuales casi olvidados, como el súper 8 y el hi-8, así como técnicas fotográficas y estilos visuales que conectaran formalmente con el concepto de reutilización y resignificación.</p>



<p class="wp-block-paragraph">Esta experiencia fue un intercambio constante de ideas y emociones, que no sólo dio forma a la mesa —partida en dos mitades y concebida como una metáfora del valor de la materialidad—, sino también en la narrativa del documental.</p>



<p class="wp-block-paragraph">Más allá del resultado físico, este proyecto fue una oportunidad para reflexionar sobre la importancia de reutilizar materiales y formatos en un momento en el que cuidar el medio ambiente es más necesario que nunca. Explorar cómo dar una nueva vida tanto a los desechos como a las herramientas creativas se convirtió en el centro de esta experiencia.</p>



<p class="wp-block-paragraph">Un agradecimiento a todos los equipos y personas que han participado en este proyecto.</p>

<!-- This site is optimized with the Yoast SEO plugin v28.4 - https://yoast.com/product/yoast-seo-wordpress/ -->
<title>Una mesa, dos mitades &#183; Ardo Productions</title>
<meta name="robots" content="noindex, follow, max-snippet:-1, max-image-preview:large, max-video-preview:-1" />
<meta property="og:locale" content="es_ES" />
<meta property="og:type" content="article" />
<meta property="og:title" content="Una mesa, dos mitades &#183; Ardo Productions" />
<meta property="og:description" content="Cinematografía, sonido y montaje: Pol AregallMúsica: CARLA y Yehezkel Raz Sinopsis «Una Mesa, Dos Mitades» es un cortometraje documental que explora el diálogo creativo que se estableció entre Sara Regal y Pol Aregall durante la creación de una pieza única para la Galería Vasto. El proyecto surgió del encargo de Medida y la galería, que [&hellip;]" />
<meta property="og:url" content="https://somosardo.com/es/projectes/una-mesa-dos-mitades/" />
<meta property="og:site_name" content="Ardo Productions" />
<meta property="article:modified_time" content="2026-09-02T16:52:18+00:00" />
<meta property="og:image" content="https://somosardo.com/wp-content/uploads/2026/06/Una-mesa-dos-mitades-Portada.jpg" />
	<meta property="og:image:width" content="1872" />
	<meta property="og:image:height" content="1032" />
	<meta property="og:image:type" content="image/jpeg" />
<meta name="twitter:card" content="summary_large_image" />
<meta name="twitter:label1" content="Tiempo de lectura" />
	<meta name="twitter:data1" content="2 minutos" />
<script type="application/ld+json" class="yoast-schema-graph">{"@context":"https:\/\/schema.org","@graph":[{"@type":"WebPage","@id":"https:\/\/somosardo.com\/es\/projectes\/una-mesa-dos-mitades\/","url":"https:\/\/somosardo.com\/es\/projectes\/una-mesa-dos-mitades\/","name":"Una mesa, dos mitades &#183; Ardo Productions","isPartOf":{"@id":"https:\/\/somosardo.com\/es\/#website"},"primaryImageOfPage":{"@id":"https:\/\/somosardo.com\/es\/projectes\/una-mesa-dos-mitades\/#primaryimage"},"image":{"@id":"https:\/\/somosardo.com\/es\/projectes\/una-mesa-dos-mitades\/#primaryimage"},"thumbnailUrl":"https:\/\/somosardo.com\/wp-content\/uploads\/2026\/06\/Una-mesa-dos-mitades-Portada.jpg","datePublished":"2026-06-19T06:54:13+00:00","dateModified":"2026-09-02T16:52:18+00:00","breadcrumb":{"@id":"https:\/\/somosardo.com\/es\/projectes\/una-mesa-dos-mitades\/#breadcrumb"},"inLanguage":"es","potentialAction":[{"@type":"ReadAction","target":["https:\/\/somosardo.com\/es\/projectes\/una-mesa-dos-mitades\/"]}]},{"@type":"ImageObject","inLanguage":"es","@id":"https:\/\/somosardo.com\/es\/projectes\/una-mesa-dos-mitades\/#primaryimage","url":"https:\/\/somosardo.com\/wp-content\/uploads\/2026\/06\/Una-mesa-dos-mitades-Portada.jpg","contentUrl":"https:\/\/somosardo.com\/wp-content\/uploads\/2026\/06\/Una-mesa-dos-mitades-Portada.jpg","width":1872,"height":1032,"caption":"Fotograma d'Una Mesa, Dos Mitades, curtmetratge documental de Pol Aregall"},{"@type":"BreadcrumbList","@id":"https:\/\/somosardo.com\/es\/projectes\/una-mesa-dos-mitades\/#breadcrumb","itemListElement":[{"@type":"ListItem","position":1,"name":"Inici","item":"https:\/\/somosardo.com\/es\/"},{"@type":"ListItem","position":2,"name":"Projectes","item":"https:\/\/somosardo.com\/es\/projectes\/"},{"@type":"ListItem","position":3,"name":"Una mesa, dos mitades"}]},{"@type":"WebSite","@id":"https:\/\/somosardo.com\/es\/#website","url":"https:\/\/somosardo.com\/es\/","name":"Ardo Productions","description":"Productora audiovisual","publisher":{"@id":"https:\/\/somosardo.com\/es\/#organization"},"potentialAction":[{"@type":"SearchAction","target":{"@type":"EntryPoint","urlTemplate":"https:\/\/somosardo.com\/es\/?s={search_term_string}"},"query-input":{"@type":"PropertyValueSpecification","valueRequired":true,"valueName":"search_term_string"}}],"inLanguage":"es"},{"@type":"Organization","@id":"https:\/\/somosardo.com\/es\/#organization","name":"Ardo Productions","url":"https:\/\/somosardo.com\/es\/","logo":{"@type":"ImageObject","inLanguage":"es","@id":"https:\/\/somosardo.com\/es\/#\/schema\/logo\/image\/","url":"https:\/\/somosardo.com\/wp-content\/uploads\/2026\/06\/favicon.png","contentUrl":"https:\/\/somosardo.com\/wp-content\/uploads\/2026\/06\/favicon.png","width":600,"height":600,"caption":"Ardo Productions"},"image":{"@id":"https:\/\/somosardo.com\/es\/#\/schema\/logo\/image\/"},"sameAs":["https:\/\/www.instagram.com\/ardoproductions\/","https:\/\/www.youtube.com\/@ARDO_PRODUCTIONS"]}]}</script>
<!-- / Yoast SEO plugin. -->

Cinematografía, sonido y montaje: Pol AregallMúsica: CARLA y Yehezkel Raz Sinopsis «Una Mesa, Dos Mitades» es un cortometraje documental que explora el diálogo creativo que se estableció entre Sara Regal y Pol Aregall durante la creación de una pieza única para la Galería Vasto. El proyecto surgió del encargo de Medida y la galería, que [&hellip;]
